 p = o - 1. Let f = -1040 + 1109. Calculate the remainder when f is divided by p.
9
Suppose 3 = 3*r - 3*q, 2*r + 0*q = -2*q + 6. Suppose -245 = -8*s + 3*s. Let w = s - 46. What is the remainder when w is divided by r?
1
What is the remainder when 75 is divided by 3/6*(30 - 8/1)?
9
Let a be -2*1 - (2 - 9). Let w be 82/(a/15 + 10/6). Suppose 3*v = -4*k + 11, -2*v + w = -2*k + 15. Calculate the remainder when 44 is divided by v.
8
Suppose -1589*k = -1654*k + 11635. Calculate the remainder when 881 is divided by k.
165
Let s = 269 + 14. Let j = -263 + s. What is the remainder when 37 is divided by j?
17
Let l(b) = -2*b - 37. Let f be l(2). Let u(h) = -3*h - 97. Calculate the remainder when u(f) is divided by 21.
5
Let b = -33 + 36. Suppose 0*t - b*t = r - 152, 160 = 3*t - r. Let j = 71 - t. Calculate the remainder when 34 is divided by j.
15
What is the remainder when 148 is divided by (195 + -197)*(34/(-4) + 0)?
12
Calculate the remainder when 4 + (-1 + 3)*4/(16/1292) is divided by 57.
23
Let y(m) = 2*m**2 + 38*m + 136. Calculate the remainder when 291 is divided by y(-4).
3
Let d = -5 - -16. Suppose 5*y + 4 + d = 0. Calculate the remainder when 127 is divided by (y + -5)/((-2)/8).
31
Suppose r + 7*f - 10*f - 348 = 0, 1880 = 5*r + 5*f. What is the remainder when r is divided by 40?
9
Suppose -130 = -2*g - 5*y + 23, 0 = 3*g - 2*y - 182. Calculate the remainder when 441 is divided by g.
57
Suppose 17*h + 2*h = 2*h + 1207. Calculate the remainder when 98 is divided by h.
27
Suppose 0 = 3*f + l - 66, 0 = -3*f - 2*l - 3 + 72. Suppose -437 = -f*v + 2*v. Calculate the remainder when 64 is divided by v.
18
Suppose 11*k + 849 - 3556 - 2903 = 0. What is the remainder when k is divided by 120?
30
Suppose -4*s - 4 = 0, 2*z = 4*z - 4*s - 240. Suppose 5*a + 112 + z = 0. Let x = -28 - a. Calculate the remainder when 68 is divided by x.
14
Suppose -4*q - 5*a + 70 + 9 = 0, q - 4*a - 46 = 0. Calculate the remainder when (8 - (-1 + 5))*134/8 is divided by q.
15
Let s be (-5)/((-15)/(-18)) + 10. Suppose 3*q + s = 34. What is the remainder when 199 is divided by q?
9
Let h be (-17)/((-3)/(-2) + -2). Suppose -12*d + 170 = -h. What is the remainder when 25 is divided by d?
8
Suppose -5*h + 7*h + 2*m - 372 = 0, 0 = 2*h + m - 372. Calculate the remainder when h is divided by 105.
81
Suppose 4*k - 611 = -2103. Let j = 48 + k. What is the remainder when 17 is divided by 3/(-6) + (j/(-10))/5?
5
Let c(h) = h**2 - 20*h + 1411. What is the remainder when c(0) is divided by 129?
121
Let l be 2/(-6) - (-144)/27. Let j be -6*(15/(-9))/l. Suppose -j*q = -0*q - 34. Calculate the remainder when q is divided by 10.
7
Suppose -2*c + 139 = c - 4*l, 3*c - 3*l - 138 = 0. Let f = 46 + -44. Suppose 5 = -5*b, f*v - 179 = -2*b + 5*b. What is the remainder when v is divided by c?
43
Let p(u) = -2788*u - 1561. Calculate the remainder when p(-2) is divided by 15.
10
What is the remainder when 1185 is divided by -1 - (-25)/(-50)*524/(-2)?
15
Let t(u) = -346*u + 2260. What is the remainder when 522 is divided by t(6)?
154
Suppose 88 = i + 3*i. Let s be -3 + (-7160)/(-2)*18/36. Let m = s - 1745. What is the remainder when m is divided by i?
20
Suppose -41*m + 10492 = -25*m + 27*m. What is the remainder when 1721 is divided by m?
13
Let i(h) = 2*h + 9. Let r be i(-2). Suppose -8 = 4*w, -r*b - 864 = w + w. What is the remainder when 95 is divided by b/(-12) + (-2)/6?
11
Suppose 14 = 2*j + 10. Suppose 6 = -0*a + j*a. Suppose a*u - 121 = -3*l - 43, 5*l - u = 142. Calculate the remainder when 109 is divided by l.
25
Let c(w) = -36*w + 10. Let l be c(2). Let v = 6 - l. Calculate the remainder when 131 is divided by v.
63
Suppose -15 = 5*i - 25. Calculate the remainder when 26 is divided by (18 + -16)*(15 - i).
0
Let c(g) = 32*g - 549. Suppose 0 = o + 3*o - 120. Calculate the remainder when c(19) is divided by o.
29
Suppose 2*m = -2*m + 20. Suppose m*b = a + 23, a - 10 = -4*a. Calculate the remainder when (((-3)/(-7))/((-150)/500))/((-5)/42) is divided by b.
2
Suppose -4 = -2*z + 2*y, 0 = z - 2*z - 2*y + 11. Suppose -4*l - o = -123, z*l - 152 = -5*o + 2*o. Calculate the remainder when l is divided by 11.
9
Let p be 4 + -2 + (80 - 9) - 0. Let m be -68 + -2 + 0/3. Let t = m + p. Calculate the remainder when 8 is divided by t.
2
Suppose -2*u - 17*u = -14649. Calculate the remainder when u is divided by 43.
40
Suppose 10*b - 12*b + 194 = -4*a, 0 = 9*b - 2*a - 873. What is the remainder when 1061 is divided by b?
91
Let n = -2811 - -2831. What is the remainder when 478 is divided by n?
18
Calculate the remainder when 42/2 + -2 + 3 is divided by (-2 - ((-1586)/195 - 2/(-15))) + 2.
6
Let d(b) = b**3 + b**2 + 5*b + 1. Let w be d(4). Suppose -w = -2*h - 25. What is the remainder when 35/((-5145)/63) - 2*(-2106)/28 is divided by h?
36
Let c(k) = k**3 + 7*k**2 - 23*k - 18. Suppose -4*w - 5*d + 453 = 0, -2*d + 562 = 5*w - 0*w. What is the remainder when w is divided by c(-9)?
4
Let b be 1 + 1 + (-9)/(-3). Suppose 3*x + 42 = -b*i + 2*i, -3*i = 4*x + 54. Calculate the remainder when 7 is divided by (9/(-12))/(3/x) - -2.
2
Suppose -5*g + 6 + 29 = 5*f, -3*g + 45 = 5*f. Let j(m) = 45*m**3 - m**2 + m. Calculate the remainder when j(1) is divided by f.
9
Suppose 5*q - 5*r + r = 118, 0 = -q + 2*r + 26. Let w = -72 - -69. What is the remainder when q is divided by w/(-2)*112/12 - 2?
10
Let p(w) = w**3 + 60*w**2 - 289*w - 187. What is the remainder when p(-62) is divided by 41?
39
Suppose 5*z - 48 = 3*z. What is the remainder when 130 - (-4160)/(-98 - -33) is divided by z?
18
Suppose -40 = -5*x - d, 3*x + 7*d - 11*d = 47. Let t be 88/(-10) - 6/30. What is the remainder when (-1252)/(-36) + (-2)/t is divided by x?
8
Let p(n) = 70*n + 1059. Calculate the remainder when p(0) is divided by 216.
195
Let x = -4536 - -4565. Calculate the remainder when 1623 is divided by x.
28
Let c(i) = -4*i**2 - 7*i - 15. Let n be c(-6). Let y = n - -145. What is the remainder when y is divided by 16?
12
Suppose 5*v - 25 = -14*g + 9*g, g - 17 = -3*v. Let h(c) = 30*c - 152. Calculate the remainder when 77 is divided by h(v).
21
Suppose -127 = 6*f - 502 - 873. Calculate the remainder when f is divided by 13.
0
Suppose -529*u + 524*u + a = 434, 3*a + 177 = -2*u. Let p(i) = 53*i. Let l be p(-1). Let b = l - u. What is the remainder when b is divided by 19?
15
Let t(p) = p**2 + 18*p - 47. Let z be t(-21). Let r = z - 24. Let j = 2 - r. Calculate the remainder when 78 is divided by j.
8
Suppose -11*x + 36 = x. Suppose -5*b = -x*b - 36. What is the remainder when (17/(-6))/(((-3)/b)/1) is divided by 5?
2
Let b(g) = -g**3 - 12*g**2 - 2*g + 50. Suppose 0 = r - 4, -5*v - 5*r + 7*r - 68 = 0. Calculate the remainder when 210 is divided by b(v).
62
Suppose -2*g + 35 = -2*j + 11, -j = g - 4. Suppose 0 = -g*h + 146 + 166. Calculate the remainder when 72 is divided by h.
33
Suppose 123 = 24*k - 741. Suppose 0 = -4*x - 4*y + 76, -6*x - y - 76 = -10*x. Calculate the remainder when k is divided by x.
17
Suppose 0 = -p + 5*f + 35, -15*p + 11*p + 92 = 4*f. What is the remainder when 292 - 1*(-4 + -1) is divided by p?
22
Suppose 4*j = -4*f + 472, 5*f + 400 = -105*j + 109*j. Calculate the remainder when j is divided by 52.
6
Let v = -2940 + 2972. Calculate the remainder when 2751 is divided by v.
31
Let w(d) = d**3 + 11*d**2 - 8*d + 15. Let q be w(-11). Let u = q - 0. Let b(p) = p**2 - 4*p - 10. What is the remainder when u is divided by b(-5)?
33
Let c = 5246 + -5241. Suppose 0 = 3*v - 6 - 0. Suppose -c*o + 25 = a, -a + 3*a = 2*o + v. Calculate the remainder when 5 is divided by o.
1
Suppose -13 = 2*w - 25. Let h be (-4)/(-6)*w/4. What is the remainder when (17 + 0)/((h - 5)/(-4)) is divided by 5?
2
Let k = 8472 + -8184. What is the remainder when k is divided by 9?
0
Suppose -81*a - 21470 = 21*a - 94604. What is the remainder when a is divided by 45?
42
Suppose 8320 = 14*z - 332. Let y = z - 608. What is the remainder when -1 - 0 - -1 - -268 is divided by y?
8
Let c(b) = -10*b + 7. Let w be ((-28)/21)/(-1 - 2/(-6)). Let i be 72/27*(-3)/w. Calculate the remainder when c(i) is divided by 12.
11
Suppose -4*k = -133 - 27. What is the remainder when k is divided by 21?
19
Let n(r) = r**2 - 23*r - 85. Suppose 3*x + 50 = 137. Calculate the remainder when n(x) is divided